ose 0 = -x + 4, 3*m - x - 18 = -121. Let s = m + p. What is the greatest common factor of s and 110?
22
Let n = 10 + 4. Suppose s = 4*s + 6, 0 = 3*a - s - n. Suppose 5*x = -6 + 26. Calculate the highest common divisor of a and x.
4
Let l = 3 + 16. Let o = 94 + 58. What is the greatest common factor of l and o?
19
Suppose 2*q = 10, 4*y + q = 6*y - 109. Let i be ((-38)/(-5))/((-2)/(-10)). What is the greatest common factor of i and y?
19
Suppose 4*i + 775 = 8*i - 5*z, -625 = -3*i - 5*z. What is the highest common divisor of i and 25?
25
Suppose 0 = -11*m + 7*m + 4. Let h be 3/(0/4 - m) + 17. Calculate the highest common factor of 14 and h.
14
Let k(r) = 12*r**2 - r - 1. Suppose -3*n + 3 = -2*n. Let d be k(n). What is the greatest common factor of d and 13?
13
Suppose -262 = 6*x - 676. Suppose 3*b + 4*v - 118 = 0, 2*b - v - 97 = -0*v. What is the highest common divisor of b and x?
23
Suppose -23*w = -343 - 416. Calculate the highest common divisor of w and 132.
33
Let o = -25 - -39. Let t = 18 + -10. Let l = o - t. What is the greatest common divisor of 24 and l?
6
Let w be ((-10)/4)/(1351/(-336) - -4). What is the highest common divisor of w and 270?
30
Let g be 1/4 - (-86)/8. Let s = -2576 - -2697. Calculate the highest common divisor of s and g.
11
Let p(w) = -2*w - 1. Let s(i) = i. Let m be s(-5). Let f be p(m). What is the highest common divisor of f and 99?
9
Let n be (138/(-10))/(-1*1/10). Calculate the greatest common factor of 3 and n.
3
Let t(g) = 90*g - 6. Let n be t(4). Suppose -s = 2*s - n. Suppose 5*d - s - 282 = 0. What is the greatest common divisor of d and 10?
10
Let u be (-14)/(-3) - (-6)/(-9). Suppose 0 = u*p + 82 + 138. Let g = p + 95. What is the highest common factor of 100 and g?
20
Suppose 2*u - 3*k - 10 = 24, 94 = 5*u - 3*k. What is the highest common divisor of u and 65?
5
Let g be 0 - -1 - 1*-5. Suppose 893 = -o + 959. What is the highest common factor of g and o?
6
Suppose -4*u - 31 = -3*u. Let x = -19 - u. Suppose 3*k + 90 = t, 7*t - 106 = 6*t - 5*k. What is the greatest common factor of t and x?
12
Let a be 2/(-6)*-2*51. Let o = -34 - -119. Calculate the highest common divisor of o and a.
17
Suppose -u + 18 = 5*a - 7, -2*u = a - 14. Calculate the highest common divisor of u and 425.
5
Let l(m) = -3*m + 3. Let a be l(-5). Let f be (-33)/(-12) - 3/4. Suppose -3*k = -i + 69, -2*k - 1 = f*i - 99. Calculate the greatest common factor of a and i.
18
Suppose 0 = c - 2*w + 180, c + 0*w + 2*w + 176 = 0. Let r = c - -263. Suppose 9*y = -3*y + 408. Calculate the highest common factor of r and y.
17
Suppose 0*l - 1305 = -3*d - 5*l, -l - 3 = 0. Calculate the greatest common divisor of 20 and d.
20
Suppose 2*a - 249 = -3*i + 37, i = -2*a + 94. Let g be (7 - 2)*24/10. What is the greatest common divisor of i and g?
12
Let h(u) = 37*u + 526. Let f be h(16). What is the highest common factor of 26 and f?
26
Let t(h) = 52*h**2 + 13*h + 20. Let l be t(-4). Calculate the greatest common divisor of l and 32.
32
Suppose -4*d = 2*k + 2*k - 72, 5*d = -2*k + 30. What is the highest common divisor of k and 320?
20
Let r be 1/4 - (-139)/4. Let f be (-21)/r - 1112/(-20). Calculate the highest common divisor of 33 and f.
11
Let l(s) = -3*s**3 - 18*s**2 - s + 18. Let y be l(-6). Calculate the greatest common divisor of 96 and y.
24
Let c(l) = l**2 + 6*l - 6. Let s be c(-7). Let r be (-12)/6 + 39/s. Suppose -6*q + 337 - r = 0. What is the highest common divisor of 10 and q?
10
Suppose -r - 3*n + 594 = 0, 4*r + 9*n - 2391 = 12*n. What is the highest common factor of 3 and r?
3
Suppose 0 = 4*k - 4*l - 740, 3*l + 739 = k + 3*k. Calculate the greatest common factor of k and 24.
8
Let d be 3/(-1 + 13)*0. Suppose -3*n - 3*a + 36 = d, -n = n + 4*a - 34. Calculate the highest common divisor of 77 and n.
7
Let g be -1 + (-21)/((-12)/(-4)). Let o be 3 + g*8/(-4). Suppose -o = -3*b + 293. What is the greatest common divisor of b and 13?
13
Suppose 5*t - 5 = 10. Let f = -23 + 26. Calculate the greatest common divisor of t and f.
3
Suppose -5*y + 23 = 5*i - 117, -y + 120 = 5*i. Calculate the highest common divisor of 2047 and i.
23
Suppose -5*p = -7*w + 12*w - 1520, w - p - 294 = 0. Calculate the highest common divisor of w and 23.
23
Let y = 43 - 40. Let r be y*(1288/(-12))/(-2). Calculate the highest common factor of r and 23.
23
Let g = 114 - 109. Let n be (30/(-3))/g + 3. What is the greatest common factor of 4 and n?
1
Let u be -2 - (-6 - -2) - 15. Let i(d) = -d**3 - 17*d**2 - d + 4. Let h be i(-17). Let o = u + h. Calculate the highest common divisor of 16 and o.
8
Let v = -52 - -52. Let p be (v - (1 - 1)) + (0 - -11). What is the greatest common divisor of p and 44?
11
Let m be (-5)/(10/(-14)) - -13. What is the greatest common divisor of m and 1040?
20
Suppose 17 - 27 = -c. Calculate the greatest common divisor of 50 and c.
10
Let r = -23 - -12. Let c(v) = 12*v**2 - 3 - 12*v**3 - 6 + 13*v**3 + v + 9*v. Let z be c(r). What is the highest common factor of 3 and z?
1
Let o = 260 - 256. Let d = 25 - 48. Let x = 21 - d. What is the greatest common factor of x and o?
4
Let n be (-29)/(1160/(-4704)) - (-3)/(-5). What is the greatest common divisor of n and 63?
9
Suppose 26*v = 28*v - 216. Calculate the greatest common divisor of v and 24.
12
Suppose 4*w - 56 = -3*h, 3*w - 42 = -3*h + 2*h. Calculate the highest common factor of 6 and w.
2
Suppose 0 = -0*h - h + 3*r + 172, 326 = 2*h + 3*r. Suppose -34 = -5*b + h. Let t be 24/60*b*1. Calculate the greatest common divisor of t and 2.
2
Let z = 0 + 4. Suppose z*o = -d + 476 + 3, -d = o - 122. What is the highest common divisor of 17 and o?
17
Let l(k) = k - k - 78*k**3 + 1 - 2*k + 3*k. Let n be l(-1). Calculate the greatest common factor of 52 and n.
26
Let q(x) = -88*x + 191. Let z be q(-19). Calculate the greatest common divisor of z and 81.
81
Let m(o) = o**2 - 2*o - 3. Let d be m(-2). Let y(v) = 2*v**2 + 12*v + 15. Let u be y(-5). Calculate the highest common factor of d and u.
5
Suppose 2*s + 0*s = 0. Suppose s = -0*u - 5*u + 60. Calculate the highest common divisor of u and 132.
12
Let q(t) = t**3 + 5*t - 4. Let a be q(4). Calculate the greatest common divisor of 32 and a.
16
Let r be (-1 + 1)/5 + 44. Let y be (r - -4)*10/3 - 0. Calculate the highest common factor of 32 and y.
32
Let t be 69 - ((-11)/(-7) + (-12)/(-28)). Suppose 3*l - 35 = 3*d + 139, 4*d = l - t. What is the greatest common divisor of 33 and l?
11
Suppose 11*l - 7*l - 20 = 0. Suppose -l - 3 = -2*q. Suppose 5*z - j - 2*j = 53, -48 = -q*z + j. What is the greatest common factor of 65 and z?
13
Let l(s) = s**2 + 4*s - 412. Let o be l(-60). Calculate the greatest common factor of 22 and o.
22
Let s(y) = -y**2 - 41*y - 243. Let z be s(-29). Calculate the highest common factor of z and 3255.
105
Let l be (0 + 3)*((-77)/21 - -5). Calculate the highest common factor of 20 and l.
4
Let v = -608 + 743. What is the highest common factor of v and 90?
45
Suppose y + 995 = 3*u, -4*u = -0*u + 4*y - 1348. Let x be -3*(2 + (-208)/12). Suppose -m + x - 9 = 0. What is the greatest common divisor of m and u?
37
Suppose 3*c - 496 + 199 = -3*s, 0 = 4*s + 3*c - 392. Let b = s - 78. What is the greatest common factor of b and 17?
17
Let v be (-39 + 41)*(52 - 2). What is the highest common factor of v and 80?
20
Let i(k) = k**2 - 2*k - 8. Let w be i(0). Let l be (-3)/(-4) + (-346)/w. What is the greatest common divisor of l and 352?
44
Let y be (-7)/((-504)/304) - 4/18. Suppose g = -y*w + 38, 110 = 4*g - 4*w - w. Calculate the highest common divisor of 120 and g.
30
Suppose 5*a - 6*h = -4*h + 776, -4*a + 626 = h. Let g = a + -100. Calculate the greatest common factor of 7 and g.
7
Let c(q) = 411*q + 58. Let d be c(2). Calculate the greatest common divisor of d and 11.
11
Let d(b) = b**3 + b**2 - 3*b + 1. Let l be d(1). Let g be 1 + 32 + -3*(l - 1). Calculate the highest common divisor of 180 and g.
36
Suppose -2*h + 62 = 4*y, 5 = 5*h - 0*h. Suppose -2*x = 5*w - 231, 0 = w + 4*w - y. What is the greatest common divisor of x and 12?
12
Let t(x) = -5*x + 28. Let s be t(-8). Suppose 0 = 14*y - s - 1136. What is the greatest common factor of y and 43?
43
Suppose b - 17 = -5*a, -2*b + 2*a = 7*a - 19. Suppose 0*k - 42 = -b*k. Let w = -2624 + 2645. Calculate the highe